et g = -57 - -31. Let w = 8 + -28. Let j = g - w. Let h(r) = -r**2 - 9*r - 9. What is h(j)?
9
Let h(s) be the second derivative of s**3/2 - 3*s**2 - 80*s. Give h(4).
6
Let g(h) = 31 + 244*h**3 - 243*h**3 - 6*h**2 - 27 - 2*h + 2*h. Suppose 0 = -3*q - s + 17, 0*q + 20 = 3*q - 2*s. What is g(q)?
4
Let g = 97 + -91. Let p be g/(-21) + 99/(-21) + -2. Let f(j) = -j**2 - 4*j + 9. Calculate f(p).
-12
Let x(t) = -3*t**2 + 11*t - 17. Let r(d) = -6*d**2 + 23*d - 33. Let k(o) = 3*r(o) - 5*x(o). Let i(a) = a**2 - 5*a + 5. Let u(v) = -17*i(v) - 6*k(v). Give u(1).
1
Suppose 0*z + 4*z = -2*y + 68, -3*z + y = -56. Let j be 68/(-18) - 4/z. Let o(b) = b**3 + 3*b**2 - 3*b - 4. Calculate o(j).
-8
Let o(g) = -5*g. Let i(x) = x - 1. Let w(z) = -6*i(z) - o(z). Let p(y) = -5*y + 30. Let s(d) = -2*p(d) + 11*w(d). What is s(6)?
0
Let s(g) = 89*g + 1510. Let f be s(-17). Let r(w) be the first derivative of 4*w**3/3 + 3*w**2/2 - 4*w + 1. Determine r(f).
23
Let q(g) = -4*g - 3. Let f(k) = k**2 + 10*k - 9. Let m be f(-7). Let h be 3/(-18) - (-355)/m. Let u be h/(-6) + 1 + -5. Give q(u).
5
Let c(a) = -2*a - 2. Suppose 3*z + 11 - 23 = 0. What is c(z)?
-10
Let r(d) = d**3 + 7*d**2 + 2. Let a be r(-7). Let y(g) = 1 - 6*g**2 + 4*g**2 - a*g**2. Let v be -4 - 6/(-3 - -1). Determine y(v).
-3
Let u(x) = 2*x + 2. Let v be u(0). Suppose -5 = -w - v. Let o(f) = f**3 - 3*f**2 + f + 2. Give o(w).
5
Let s(n) = n**2 - 5*n - 3. Let f(r) = -2*r**3 + 20*r**2 - 3*r + 34. Let x be f(10). Calculate s(x).
-7
Let q(j) be the second derivative of j**5/20 + 7*j**4/12 - 10*j**3/3 - 13*j**2/2 + 25*j. What is q(-9)?
5
Suppose -36 = -6*r - 12. Let g(t) = t**3 - 5*t**2 + t. Calculate g(r).
-12
Let r be (0/(-20))/(4 - 2). Let n(w) = -2*w - 7. Calculate n(r).
-7
Let d = 916 + -913. Let p(i) be the first derivative of i**5/20 - i**4/4 - 3*i**2/2 - i - 2. Let q(l) be the first derivative of p(l). Calculate q(d).
-3
Suppose 3*u + 4*w + 15 = -w, -u + 3 = -w. Let h(j) = 9*j - 3. Let o(a) = -4*a + 5. Let v(z) = -h(z) - 2*o(z). Calculate v(u).
-7
Let g(d) = 2*d**2 + 31*d - 7. Let z(p) = -p**2 - 16*p + 5. Let c(h) = 6*g(h) + 11*z(h). Give c(-9).
4
Let j(d) be the second derivative of -7*d**5/20 - d**3/6 - d**2/2 + 70*d + 2. Determine j(-1).
7
Let g(j) be the third derivative of -j**4/6 + 7*j**3/6 + j**2. Let h(s) = -4*s - 79. Let l be h(-21). Determine g(l).
-13
Let h(y) be the third derivative of -y**7/840 + y**6/60 + y**5/24 + y**4/3 - 11*y**3/6 - 31*y**2. Let u(w) be the first derivative of h(w). What is u(7)?
-6
Let n be (-3)/(-9)*0/(-2). Let v(z) = n*z**2 + 4 + 2*z**2 + 0*z**2 + 3*z - 8. Let w(d) = d**3 - 3*d**2 - 2*d + 3. Let j be w(3). Determine v(j).
5
Let c be ((-4)/(-2 + 1))/((-4)/(-8)). Suppose -38 = 15*s - c. Let w(n) = -n**3 - n**2 + 2*n + 2. Determine w(s).
2
Let b(a) = -14*a**2 - 97*a + 10. Let d be b(-7). Let s(y) = -8*y**2 + 3*y + 3. What is s(d)?
-60
Let r = 3 + -9. Let n = r + 2. Let u(z) = 11 - 557763*z - 5 + 557765*z. Determine u(n).
-2
Let k(b) be the first derivative of -5*b**2/2 - 4*b - 10. Let h = -15 - -18. Determine k(h).
-19
Let o(f) = f**3 + f + 9. Suppose i - 4*r + 20 = 0, 2*r - 2 = -5*i + 8. Let m = -82 - -86. Suppose i = -m*x + x. Determine o(x).
9
Let j = -13949 + 13945. Let c(r) be the third derivative of -r**4/8 - 2*r**3/3 + r**2. Give c(j).
8
Let o(j) = -j**2 - 2*j + 9. Let s be o(0). Let z = s - 4. Suppose -z*x + 24 = -11. Let a(g) = -g**2 + 8*g - 5. Give a(x).
2
Let a(o) = -3*o**3 - 4*o**2 + o + 2 + 2*o**3 - 2*o**2. Suppose 6*i = 3*i + 60. Let c = i - 26. Determine a(c).
-4
Let b be 3/(-3) - (-2 + 2 + -1). Suppose -q + b*q + 5*k = -11, 4*q = -5*k - 56. Let g(f) = -3*f - 9. Give g(q).
18
Suppose -x + 40 = -6*x. Let v(d) = -d**3 - 9*d**2 - 7*d + 10. Let r be v(x). Let j(z) = z**2 - 5*z + 2*z**2 + 2 + 10*z - r*z**2. Determine j(-4).
-2
Let x(g) = -9*g + 18*g + 3*g**2 - 11*g - 1. Let j(u) = -2*u**2 + u**2 + 7 + 6*u - 3*u**2 - u**3. Let f be j(-5). Calculate x(f).
7
Let r(h) = -h**2 - 9*h - 2. Let m(f) = f**2 + 15*f - 225. Let x be m(-24). What is r(x)?
-2
Let a(c) = -c + 12. Suppose d = 4*m - 5, 5*m - 3*m = d + 5. Let b(t) be the second derivative of -t**3/6 + t**2/2 + 25*t. Let o be b(d). What is a(o)?
6
Let a(u) = u**2 + 8*u + 4. Let q be ((-36)/(-8))/((-6)/8). Let p be a(q). Let w = -8 - p. Let l(x) = x**2 - x + 9. Determine l(w).
9
Let b be 12/5*75/30. Let h(x) = -95 + x**2 + 2*x - 6*x + 88. Calculate h(b).
5
Let u(v) = 2*v**3 + 14*v**2 + 15*v - 12. Let f(r) = -r**3 - 7*r**2 - 8*r + 6. Let x(b) = 5*f(b) + 3*u(b). What is x(-6)?
0
Let g(y) = -7*y**2 - 3*y + 34. Let j(b) = 8*b**2 + 3*b - 39. Let l(x) = 6*g(x) + 5*j(x). Determine l(2).
-5
Suppose 0*t = -5*z + 3*t, z + 22 = 5*t. Let q(x) = 7*x - 1. Let v(c) = -20*c + 3. Let b(h) = z*v(h) + 8*q(h). Give b(-1).
5
Let u be -1 - (-4)/(8/6). Let x be 1 - 2*(-1)/u. Let f(n) be the third derivative of -n**4/24 - n**3/3 - 73*n**2 + n. Give f(x).
-4
Let u = -153 + 153. Suppose u = -9*b + 15*b - 12. Let h(y) be the first derivative of -2*y**3/3 - 2*y + 1. What is h(b)?
-10
Let l(b) = -28*b + 28*b - 3*b**2 + 1. Let f be l(-1). Let a(r) be the first derivative of r**4/4 + r**2 + 2*r + 9. Calculate a(f).
-10
Let g = 1 + -1. Let l(j) = -j**2 - 7 - j**3 + 16 - 16 + 14. Give l(g).
7
Let l(w) = 993 - 4*w - 451 - 442. Let y be l(23). Let z(c) = c + 2. Give z(y).
10
Let d(a) = -8*a**2 + a**3 + 46*a - 95*a - 9 + 57*a. Suppose -3*u + 17 + 4 = 0. What is d(u)?
-2
Let m(g) be the third derivative of g**5/60 + g**4/3 + g**3 + 3*g**2 - 18*g. Determine m(-7).
-1
Let p = 2 - 2. Suppose p = 3*n - 1 + 19. Let m(k) be the second derivative of -k**5/20 - 7*k**4/12 - 7*k**3/6 + 3*k**2 + k. Determine m(n).
12
Let j(z) = z**3 - z**2. Let s(b) = -6*b**3 + b**2 - b + 4. Let l(p) = 9*p + 26. Let q be l(-3). Let f(r) = q*s(r) - 5*j(r). Determine f(-4).
-8
Let f(j) = -j - 7. Let h be f(-9). Suppose -h*d = 4*w, 2*w + 3*w = 3*d + 11. Let b(p) = -4*p + 0*p + p**2 + 3*p. What is b(d)?
6
Let t(q) be the third derivative of q**6/120 + q**5/10 - q**4/12 - 4*q**3/3 - 28*q**2. Let o be t(-6). Let w(y) = 3*y - 5. Determine w(o).
7
Let k(v) = -3*v**2 + 2*v + 2. Suppose -80*f - 51 = 109. Determine k(f).
-14
Let o(b) = b**2 - 11*b + 2. Let w = 131 - 119. Calculate o(w).
14
Let h(t) = 7*t**3 + 3*t + 3. Let m be -7 + 42/9 + (-2)/(-6). Determine h(m).
-59
Suppose 5*d - 15 = -p + 6*p, 5*p = -15. Let f be (-2)/9 + 58/18. Let z(o) = -2*o - 18. Let q(u) = -u - 9. Let l(s) = f*z(s) - 7*q(s). What is l(d)?
9
Let r(a) = -a**2 - 22*a + 9. Let u be r(-22). Let f(d) = -2*d + 15. What is f(u)?
-3
Let d(a) be the third derivative of 0*a - 5*a**2 - 2/3*a**3 - 1/60*a**5 + 7/24*a**4 + 0. Let t(x) be the first derivative of d(x). What is t(5)?
-3
Let r(j) = 3*j**2 - 4*j - 7. Let b(o) = -14*o**2 + 15*o + 34. Let v(y) = 2*b(y) + 9*r(y). Suppose 0 = -0*z - 4*z. Suppose z = 3*k + k + 24. Calculate v(k).
5
Let d(y) = -3*y + 4 + 44*y - 21*y - 14*y - 4*y. Suppose -4 + 10 = -2*o. What is d(o)?
-2
Let o(w) = -w + 13. Suppose -4 = -j - x, -3*x - 2 = -x. Calculate o(j).
8
Let q be 3 + 12/(-8) + 78/(-12). Let f(c) = c**2 - 2*c + 1. What is f(q)?
36
Let p(w) = -12*w**2 + 1. Suppose 0 = -5*m + 2*m + r + 11, -2*m + 2*r = -10. Let q be (m/(-4))/(1/20). Let y be (-6)/2*5/q. Calculate p(y).
-11
Let v = 303 - 296. Let h(r) = -r + 8. What is h(v)?
1
Let j = 5 - 9. Let s be 52/91*(-14)/j. Suppose 3*o + 13 = -s. Let a(z) = -2*z - 3. What is a(o)?
7
Let g(q) = -3. Let k(v) = v - 10. Let b(x) = -g(x) + k(x). Give b(-4).
-11
Let j(d) = -3*d**3 + 5*d**2 - 6*d. Let m(x) = -16*x**3 + 24*x**2 - 30*x - 2. Let v(f) = 11*j(f) - 2*m(f). What is v(4)?
28
Let v(f) = 13*f + 15. Let t(l) = 7*l + 8. Let h(c) = 7*t(c) - 4*v(c). Let p be (-77)/5 + (-15)/25. Let j = p + 13. What is h(j)?
5
Let y(h) = 3*h**2 + 3793*h - 3792*h + 4 - 4*h**2 + h**3 - 6. Calculate y(-2).
-16
Suppose -29*d = -281 + 78. Let x(t) = t**3 - 8*t**2 + 7*t - 7. Give x(d).
-7
Let i = -52 + 57. Suppose 2*w - 3*d - 11 = i, -2*d = 2*w - 6. Let j(f) = 3*f - 2. Determine j(w).
13
Let r(l) = l**3 - 2*l**2 - l - 7. Let y = -1351 - -1351. What is r(y)?
-7
Let w(j) = 7*j**3 - 2*j**2 - j. Let r(a) = 6*a**3 - 2*a**2 - a. Let g(f) = 2*r(f) - 3*w(f). Let x be (-6)/(6/5) + 4. Determine g(x).
10
Let c be 171/38*2/3. Let m = 3 + 0. Let v(u) = 5*u**2 - m*u - u**2 - 1 - 3*u**2. Calcu